{"id":2,"date":"2023-08-28T10:55:29","date_gmt":"2023-08-28T13:55:29","guid":{"rendered":"https:\/\/disciplinas.ime.unicamp.br\/ma311\/?page_id=2"},"modified":"2023-09-12T13:38:16","modified_gmt":"2023-09-12T16:38:16","slug":"pagina-exemplo","status":"publish","type":"page","link":"https:\/\/disciplinas.ime.unicamp.br\/ma311\/","title":{"rendered":"Bem-vindo(a) ao site do C\u00e1lculo III!"},"content":{"rendered":"\n<h2 class=\"wp-block-heading\">Informa\u00e7\u00f5es importantes<\/h2>\n\n\n\n<p>Consulte regularmente esta se\u00e7\u00e3o. Aqui ser\u00e3o colocados eventuais mudan\u00e7as, divulga\u00e7\u00f5es, etc.<\/p>\n\n\n\n<p>Acesse regularmente o Google Classroom da sua turma de MA311. Todas as informa\u00e7\u00f5es, avisos, materiais, etc, da disciplinas ser\u00e3o disponibilizados no Google Classroom.<\/p>\n\n\n\n<h3 class=\"wp-block-heading\">Sobre a disciplina:<\/h3>\n\n\n\n<p>Muitos dos fen\u00f4menos f\u00edsicos s\u00e3o descritos por rela\u00e7\u00f5es envolvendo taxas de varia\u00e7\u00e3o, os quais quando&nbsp;expressados em termos matem\u00e1ticos apresentam-se na forma de equa\u00e7\u00f5es contendo derivadas. Tais&nbsp;equa\u00e7\u00f5es s\u00e3o chamadas de equa\u00e7\u00f5es diferenciais.<\/p>\n\n\n\n<p>O objetivo principal do curso \u00e9 fornecer ferramentas e t\u00e9cnicas para resolver essas equa\u00e7\u00f5es. Os&nbsp;principais t\u00f3picos abordados s\u00e3o os seguintes: equa\u00e7\u00f5es diferenciais lineares, transformada de Laplace,&nbsp;sistemas de equa\u00e7\u00f5es de primeira ordem, s\u00e9ries num\u00e9ricas e s\u00e9ries de fun\u00e7\u00f5es, solu\u00e7\u00f5es por s\u00e9ries de&nbsp;equa\u00e7\u00f5es lineares, equa\u00e7\u00f5es diferenciais parciais e s\u00e9ries de Fourier.<\/p>\n\n\n\n<p><\/p>\n\n\n\n<h3 class=\"wp-block-heading\">O curso coordenado<\/h3>\n\n\n\n<p>Os docentes de MA311 trabalham de forma coordenada seguindo o mesmo livro texto (veja abaixo) e ministrando aulas em ritmo semelhante. As aulas de 2a. e 4a. feiras s\u00e3o dadas pelos docentes. A terceira&nbsp;aula da semana \u00e9 uma aula de exerc\u00edcios (no sentido amplo: com revis\u00e3o da teoria e apresenta\u00e7\u00e3o de&nbsp;novos exemplos) a cargo de bolsistas do PED (Programa de Est\u00e1gio Docente), os quais, em geral, s\u00e3o&nbsp;alunos de doutorado.<\/p>\n\n\n\n<h3 class=\"wp-block-heading\">Ementa<\/h3>\n\n\n\n<p>S\u00e9ries num\u00e9ricas e s\u00e9ries de fun\u00e7\u00f5es. Equa\u00e7\u00f5es diferenciais ordin\u00e1rias. Transformadas de Laplace. Sistemas de equa\u00e7\u00f5es de primeira ordem. Equa\u00e7\u00f5es diferenciais parciais e s\u00e9ries de Fourier.<\/p>\n\n\n\n<h3 class=\"wp-block-heading\">Bibliografia<\/h3>\n\n\n\n<p>O curso \u00e9 quase todo baseado no seguinte livro-texto:<br>William E. Boyce e Richard C. Diprima,&nbsp;Equa\u00e7\u00f5es Diferenciais Elementares e Problemas de Valores de&nbsp;Contorno<br>Entretanto, no estudo de sequ\u00eancias e s\u00e9ries num\u00e9ricas usaremos tamb\u00e9m o livro-texto:<br>James Stewart,&nbsp;C\u00e1lculo, Vol 2.<\/p>\n\n\n\n<p><a href=\"https:\/\/disciplinas.ime.unicamp.br\/ma311\/bibliografia-e-materiais-complementares\/\">Veja mais informa\u00e7\u00f5es sobre bibliografia e materiais complementares aqui.<\/a><\/p>\n\n\n\n<h3 class=\"wp-block-heading\">Atendimento<\/h3>\n\n\n\n<p><a href=\"https:\/\/disciplinas.ime.unicamp.br\/ma311\/atendimentos\/\">Confira aqui\u00a0<\/a>os hor\u00e1rios dos atendimentos de d\u00favidas dos PEDs e PADs.<\/p>\n","protected":false},"excerpt":{"rendered":"<p>Informa\u00e7\u00f5es importantes Consulte regularmente esta se\u00e7\u00e3o. Aqui ser\u00e3o colocados eventuais mudan\u00e7as, divulga\u00e7\u00f5es, etc. Acesse regularmente o Google Classroom da sua turma de MA311. Todas as informa\u00e7\u00f5es, avisos, materiais, etc, da disciplinas ser\u00e3o disponibilizados no Google Classroom. Sobre a disciplina: Muitos dos fen\u00f4menos f\u00edsicos s\u00e3o descritos por rela\u00e7\u00f5es envolvendo taxas de varia\u00e7\u00e3o, os quais quando&nbsp;expressados em [&hellip;]<\/p>\n","protected":false},"author":1,"featured_media":0,"parent":0,"menu_order":0,"comment_status":"closed","ping_status":"open","template":"","meta":{"footnotes":""},"class_list":["post-2","page","type-page","status-publish","hentry"],"_links":{"self":[{"href":"https:\/\/disciplinas.ime.unicamp.br\/ma311\/wp-json\/wp\/v2\/pages\/2","targetHints":{"allow":["GET"]}}],"collection":[{"href":"https:\/\/disciplinas.ime.unicamp.br\/ma311\/wp-json\/wp\/v2\/pages"}],"about":[{"href":"https:\/\/disciplinas.ime.unicamp.br\/ma311\/wp-json\/wp\/v2\/types\/page"}],"author":[{"embeddable":true,"href":"https:\/\/disciplinas.ime.unicamp.br\/ma311\/wp-json\/wp\/v2\/users\/1"}],"replies":[{"embeddable":true,"href":"https:\/\/disciplinas.ime.unicamp.br\/ma311\/wp-json\/wp\/v2\/comments?post=2"}],"version-history":[{"count":8,"href":"https:\/\/disciplinas.ime.unicamp.br\/ma311\/wp-json\/wp\/v2\/pages\/2\/revisions"}],"predecessor-version":[{"id":112,"href":"https:\/\/disciplinas.ime.unicamp.br\/ma311\/wp-json\/wp\/v2\/pages\/2\/revisions\/112"}],"wp:attachment":[{"href":"https:\/\/disciplinas.ime.unicamp.br\/ma311\/wp-json\/wp\/v2\/media?parent=2"}],"curies":[{"name":"wp","href":"https:\/\/api.w.org\/{rel}","templated":true}]}}