{"id":2,"date":"2025-08-04T08:04:10","date_gmt":"2025-08-04T11:04:10","guid":{"rendered":"https:\/\/disciplinas.ime.unicamp.br\/ma327\/?page_id=2"},"modified":"2025-10-13T13:04:02","modified_gmt":"2025-10-13T16:04:02","slug":"pagina-da-coordenacao-de-ma-327-algebra-linear","status":"publish","type":"page","link":"https:\/\/disciplinas.ime.unicamp.br\/ma327\/","title":{"rendered":"MA 327 &#8211; \u00c1lgebra Linear"},"content":{"rendered":"\n<h2 class=\"wp-block-heading\">Segundo semestre de 2025<\/h2>\n\n\n\n<p class=\"has-text-align-left\">Nesta p\u00e1gina estar\u00e3o divulgadas as informa\u00e7\u00f5es gerais das seguintes turmas de MA327:<br><\/p>\n\n\n\n<h2 class=\"wp-block-heading\">Profesores da disciplina<\/h2>\n\n\n\n<ul class=\"wp-block-list\">\n<li>TURMA C Prof. Guilherme Vieira<\/li>\n\n\n\n<li>TURMA D  Prof. Andrey Soldatenkov<\/li>\n\n\n\n<li>TURMA E e X Prof. Osmar Rogerio Reis Severiano<\/li>\n\n\n\n<li>TURMA F e %  Argenis M\u00e9ndez (Coordenador da disciplina)<\/li>\n\n\n\n<li>TURMA G Renato Vasconcellos Vieira<\/li>\n\n\n\n<li>TURMA Y Pedro Catuogno<\/li>\n<\/ul>\n\n\n\n<h2 class=\"wp-block-heading\">Monitorias: PAD e PED<\/h2>\n\n\n\n<h2 class=\"wp-block-heading\">PED:<\/h2>\n\n\n\n<ul class=\"wp-block-list\">\n<li>Ayrton Anjos Teixeira<\/li>\n\n\n\n<li>Vitor Schiavuzzo Ferreira<\/li>\n\n\n\n<li>Holman Alejandro Perez Ayala<\/li>\n\n\n\n<li>Laura Angelica Ospina Ca\u00f1on<\/li>\n\n\n\n<li>Tom\u00e1s dos Santos Rodrigues e Silva<\/li>\n\n\n\n<li>Luis Miguel Rissi Fertunani<\/li>\n<\/ul>\n\n\n\n<h2 class=\"wp-block-heading\">PAD<\/h2>\n\n\n\n<ul class=\"wp-block-list\">\n<li>Gabriel Masqueti  Sim\u00e3o<\/li>\n\n\n\n<li>Giovanna Scherer<\/li>\n\n\n\n<li>Let\u00edcia Campon\u00eas do Brasil Maia<\/li>\n<\/ul>\n\n\n\n<p>Os hor\u00e1rios das turmas podem ser encontrados&nbsp;<a href=\"https:\/\/www.dac.unicamp.br\/portal\/caderno-de-horarios\/2025\/2\/S\/G\/IMECC\/MA327\"><strong>AQUI<\/strong><\/a>.<\/p>\n\n\n\n<p>Ver os hor\u00e1rios e salas e as monitorias abaixo. As aulas de monitoria ter\u00e3o in\u00edcio na segunda-feira 18\/08\/2025<\/p>\n\n\n\n<div class=\"wp-block-group\"><div class=\"wp-block-group__inner-container is-layout-constrained wp-block-group-is-layout-constrained\">\n<figure class=\"wp-block-table\"><table><thead><tr><th>Hor\u00e1rio<\/th><th><strong>Segunda<\/strong><\/th><th><strong>Ter\u00e7a<\/strong><\/th><th>Quarta<\/th><th>Quinta<\/th><th>Sexta<\/th><\/tr><\/thead><tbody><tr><td>12h-14h<\/td><td>&nbsp;<\/td><td><\/td><td><\/td><td><\/td><td><\/td><\/tr><tr><td>14h-16h<\/td><td>Giovanna Scherer (PAD) <strong>PB03<\/strong><\/td><td><\/td><td>Tom\u00e1s Rodrigues(PED) <strong>CB08<\/strong><\/td><td>Laura Ca\u00f1on (PED)<strong> CB12<\/strong><\/td><td>Gabriel Sim\u00e3o (PAD) <strong>PB03<\/strong><\/td><\/tr><tr><td>16h-18h<\/td><td><\/td><td><\/td><td>Let\u00edcia Maia (PAD) <strong>SM01<\/strong><\/td><td>Luis Fertunani (PED) <strong>PB12<\/strong><\/td><td>Ayrton Teixeira (PED)<strong> PB02<\/strong><\/td><\/tr><tr><td>17h-19h<\/td><td><\/td><td><\/td><td><\/td><td>Holman Ayala (PED) <strong>PB01<\/strong><\/td><td>Vitor Ferreira (PED) <strong>PB05<\/strong><\/td><\/tr><\/tbody><\/table><\/figure>\n<\/div><\/div>\n\n\n\n<h2 class=\"wp-block-heading\"><strong>\u00daltima atualiza\u00e7\u00e3o da p\u00e1gina 03\/09<\/strong>\/25<\/h2>\n\n\n\n<h2 class=\"wp-block-heading\">Avisos:<\/h2>\n\n\n\n<p><strong>&#8211;&nbsp;As aulas come\u00e7am dia 4 de agosto<br>&#8211;&nbsp;S\u00f3 ser\u00e1 aceito o email institucional (@dac.unicamp.br) para participar da sala do Classroom.<br>&#8211;&nbsp;O crit\u00e9rio de aprova\u00e7\u00e3o ser\u00e1 por Nota.<\/strong><\/p>\n\n\n\n<h2 class=\"wp-block-heading\"><strong>Aulas de Revis\u00e3o \u2013 Prova P1<\/strong><\/h2>\n\n\n\n<ul class=\"wp-block-list\">\n<li>As aulas de revis\u00e3o ser\u00e3o conduzidas pelos PADs nos seguintes dias e hor\u00e1rios, de acordo com as turmas:<\/li>\n\n\n\n<li>Sexta-feira,&nbsp;<strong>05\/09<\/strong>&nbsp;\u2013 Gabriel Sim\u00e3o<\/li>\n\n\n\n<li>Segunda-feira,&nbsp;<strong>08\/09<\/strong>&nbsp;\u2013 Giovanna Scherer<\/li>\n\n\n\n<li>Quarta-feira,&nbsp;<strong>10\/09<\/strong>&nbsp;\u2013 Leticia Maia.<\/li>\n<\/ul>\n\n\n\n<p><strong>As informa\u00e7\u00f5es relativas \u00e0s salas e hor\u00e1rios encontram-se no quadro de descri\u00e7\u00e3o dos hor\u00e1rios de PAD e PED acima.<\/strong><\/p>\n\n\n\n<h2 class=\"wp-block-heading\"><strong>Aulas de Revis\u00e3o \u2013 Prova P<\/strong>2<\/h2>\n\n\n\n<ul class=\"wp-block-list\">\n<li>As aulas de revis\u00e3o ser\u00e3o conduzidas pelos PADs nos seguintes dias e hor\u00e1rios, de acordo com as turmas:<\/li>\n\n\n\n<li>Sexta-feira\u2013 Gabriel Sim\u00e3o<\/li>\n\n\n\n<li>Segunda-feira\u2013Giovanna Scherer<\/li>\n\n\n\n<li>Quarta-feira\u2013 Leticia Maia.<\/li>\n<\/ul>\n\n\n\n<p><strong>As informa\u00e7\u00f5es relativas \u00e0s salas e hor\u00e1rios encontram-se no quadro de descri\u00e7\u00e3o dos hor\u00e1rios de PAD e PED acima.<\/strong><\/p>\n\n\n\n<h2 class=\"wp-block-heading\">Sobre a disciplina:<\/h2>\n\n\n\n<p>A \u00e1lgebra linear \u00e9 um ramo essencial da matem\u00e1tica que estuda espa\u00e7os vetoriais e transforma\u00e7\u00f5es lineares. Ela utiliza vetores e matrizes como elementos fundamentais e realiza opera\u00e7\u00f5es como adi\u00e7\u00e3o, multiplica\u00e7\u00e3o por escalar e multiplica\u00e7\u00e3o matricial.<br>Outros t\u00f3picos importantes na \u00e1lgebra linear s\u00e3o a determina\u00e7\u00e3o de autovalores e autovetores, que desempenham um papel crucial na an\u00e1lise de sistemas din\u00e2micos e na diagonaliza\u00e7\u00e3o de matrizes. A diagonaliza\u00e7\u00e3o permite simplificar problemas complexos, fornecendo uma forma mais f\u00e1cil de lidar com opera\u00e7\u00f5es matriciais e c\u00e1lculos envolvendo grandes conjuntos de dados.<br>A \u00e1lgebra linear \u00e9 aplicada na resolu\u00e7\u00e3o de sistemas de equa\u00e7\u00f5es lineares, an\u00e1lise de transforma\u00e7\u00f5es geom\u00e9tricas, determina\u00e7\u00e3o de autovalores e autovetores, e possui conex\u00f5es com outros ramos da matem\u00e1tica, f\u00edsica e engenharia. Sua ampla utilidade pr\u00e1tica a torna uma ferramenta indispens\u00e1vel para diversos campos cient\u00edficos e tecnol\u00f3gicos.<\/p>\n","protected":false},"excerpt":{"rendered":"<p>Segundo semestre de 2025 Nesta p\u00e1gina estar\u00e3o divulgadas as informa\u00e7\u00f5es gerais das seguintes turmas de MA327: Profesores da disciplina Monitorias: PAD e PED PED: PAD Os hor\u00e1rios das turmas podem ser encontrados&nbsp;AQUI. Ver os hor\u00e1rios e salas e as monitorias abaixo. As aulas de monitoria ter\u00e3o in\u00edcio na segunda-feira 18\/08\/2025 Hor\u00e1rio Segunda Ter\u00e7a Quarta Quinta [&hellip;]<\/p>\n","protected":false},"author":1,"featured_media":0,"parent":0,"menu_order":0,"comment_status":"closed","ping_status":"closed","template":"","meta":{"footnotes":""},"class_list":["post-2","page","type-page","status-publish","hentry"],"_links":{"self":[{"href":"https:\/\/disciplinas.ime.unicamp.br\/ma327\/wp-json\/wp\/v2\/pages\/2","targetHints":{"allow":["GET"]}}],"collection":[{"href":"https:\/\/disciplinas.ime.unicamp.br\/ma327\/wp-json\/wp\/v2\/pages"}],"about":[{"href":"https:\/\/disciplinas.ime.unicamp.br\/ma327\/wp-json\/wp\/v2\/types\/page"}],"author":[{"embeddable":true,"href":"https:\/\/disciplinas.ime.unicamp.br\/ma327\/wp-json\/wp\/v2\/users\/1"}],"replies":[{"embeddable":true,"href":"https:\/\/disciplinas.ime.unicamp.br\/ma327\/wp-json\/wp\/v2\/comments?post=2"}],"version-history":[{"count":15,"href":"https:\/\/disciplinas.ime.unicamp.br\/ma327\/wp-json\/wp\/v2\/pages\/2\/revisions"}],"predecessor-version":[{"id":133,"href":"https:\/\/disciplinas.ime.unicamp.br\/ma327\/wp-json\/wp\/v2\/pages\/2\/revisions\/133"}],"wp:attachment":[{"href":"https:\/\/disciplinas.ime.unicamp.br\/ma327\/wp-json\/wp\/v2\/media?parent=2"}],"curies":[{"name":"wp","href":"https:\/\/api.w.org\/{rel}","templated":true}]}}