{"id":14,"date":"2023-08-02T11:15:10","date_gmt":"2023-08-02T14:15:10","guid":{"rendered":"https:\/\/disciplinas.ime.unicamp.br\/ms211\/?page_id=14"},"modified":"2026-03-17T08:58:47","modified_gmt":"2026-03-17T11:58:47","slug":"monitores","status":"publish","type":"page","link":"https:\/\/disciplinas.ime.unicamp.br\/ms211\/monitores\/","title":{"rendered":"Monitores e Atendimentos"},"content":{"rendered":"\n<h2 class=\"wp-block-heading\">Atendimentos: Hor\u00e1rios e Monitores <\/h2>\n\n\n\n\n\n<p><\/p>\n\n\n\n\n\n<p><\/p>\n\n\n\n<figure class=\"wp-block-table\"><table class=\"has-fixed-layout\"><tbody><tr><td>Hor\u00e1rio<\/td><td>Segunda-feira<\/td><td>Ter\u00e7a-Feira<\/td><td>Quarta-Feira<\/td><td>Quinta-Feira<\/td><td>Sexta-Feira<\/td><\/tr><tr><td>12:00<\/td><td>Gustavo &#8211; PED \/ Rafael &#8211; PED Sala CB08<\/td><td>Gabriel &#8211; PED CB03<\/td><td>Vinicius &#8211; PED CB01 \/ Diego &#8211; PAD<\/td><td><\/td><td><\/td><\/tr><tr><td>13:00<\/td><td>Gustavo &#8211; PED \/ Rafael &#8211; PED Sala CB08<\/td><td><\/td><td>Vinicius &#8211; PED CB01 \/ Leonardo &#8211; PAD<\/td><td>Gabriel &#8211; PED CB03<\/td><td><\/td><\/tr><tr><td>14:00<\/td><td><\/td><td><\/td><td>Vinicius &#8211; PED CB 01<\/td><td><\/td><td><\/td><\/tr><tr><td>16:00<\/td><td>Marcelo &#8211; PAD Sala CB18<\/td><td><\/td><td><\/td><td><\/td><td><\/td><\/tr><tr><td>17:00<\/td><td>Marcelo &#8211; PAD<br>Sala CB18<\/td><td>Nicole &#8211; PED \/ Fabio &#8211; PED CB18<\/td><td><\/td><td><\/td><td><\/td><\/tr><tr><td>18:00<\/td><td><\/td><td>Nicole &#8211; PED \/ Fabio &#8211; PED CB18<\/td><td><\/td><td>Diego T &#8211; PAD sala 125<\/td><td><\/td><\/tr><tr><td>19:00<\/td><td><\/td><td>Nicole &#8211; PED \/ Fabio &#8211; PED CB18<\/td><td><\/td><td><\/td><td><\/td><\/tr><\/tbody><\/table><\/figure>\n\n\n\n<p><\/p>\n\n\n\n<p><\/p>\n\n\n\n<p><\/p>\n\n\n\n<p><\/p>\n\n\n\n<h3 class=\"wp-block-heading\">Lista de PED&#8217;s<\/h3>\n\n\n\n<figure class=\"wp-block-table\"><table><thead><tr><th>PED<\/th><th>E-mail<\/th><\/tr><\/thead><tbody><tr><td>Nicole Cristina Cassimiro de Oliveira <\/td><td><a href=\"mailto:a264862@dac.unicamp.br\"><\/a><a href=\"mailto:n235160@dac.unicamp.br\" target=\"_blank\" rel=\"noreferrer noopener\">n235160@dac.unicamp.br<\/a><\/td><\/tr><tr><td>Fabio Augusto Fortunato Filho<\/td><td><a href=\"mailto:b194859@dac.unicamp.br\"><\/a><a href=\"mailto:f235849@dac.unicamp.br\" target=\"_blank\" rel=\"noreferrer noopener\">f235849@dac.unicamp.br<\/a><\/td><\/tr><tr><td>Rafael Silva Nogueira Pacheco<\/td><td><a href=\"mailto:f135712@dac.unicamp.br\"><\/a><a href=\"mailto:r243254@dac.unicamp.br\" target=\"_blank\" rel=\"noreferrer noopener\">r243254@dac.unicamp.br<\/a><\/td><\/tr><tr><td>Vinicius Ros\u00e1rio das Chagas<\/td><td><a href=\"mailto:g234672@dac.unicamp.br\"><\/a><a href=\"mailto:v291045@dac.unicamp.br\" target=\"_blank\" rel=\"noreferrer noopener\">v291045@dac.unicamp.br<\/a><\/td><\/tr><tr><td>Gustavo Vimercati Fuly&nbsp;<\/td><td><a href=\"mailto:j218999@dac.unicamp.br\"><\/a><a href=\"mailto:g291044@dac.unicamp.br\">g291044@dac.unicamp.br<\/a><\/td><\/tr><tr><td>Gabriel Bel\u00e9m Barbosa<\/td><td><a href=\"mailto:g234672@dac.unicamp.br\">g234672@dac.unicamp.br<\/a><\/td><\/tr><\/tbody><\/table><\/figure>\n\n\n\n<h3 class=\"wp-block-heading\">Lista de PAD&#8217;s<\/h3>\n\n\n\n<figure class=\"wp-block-table\"><table><thead><tr><th>PAD      <\/th><th>E-mail<\/th><\/tr><\/thead><tbody><tr><td>Diego Teixeira Ribeiro<\/td><td><a href=\"mailto:a256996@dac.unicamp.br\"><\/a><a href=\"mailto:237863@dac.unicamp.br\" target=\"_blank\" rel=\"noreferrer noopener\">237863@dac.unicamp.br<\/a><\/td><\/tr><tr><td>Diego Pires Silva<\/td><td><a href=\"mailto:a238369@dac.unicamp.br\"><\/a><a href=\"mailto:239489@dac.unicamp.br\" target=\"_blank\" rel=\"noreferrer noopener\">239489@dac.unicamp.br<\/a><\/td><\/tr><tr><td>Marcelo Pedro Ferreira de Abreu<\/td><td><a href=\"mailto:d237863@dac.unicamp.br\"><\/a><a href=\"mailto:197265@dac.unicamp.br\" target=\"_blank\" rel=\"noreferrer noopener\">197265@dac.unicamp.br<\/a><\/td><\/tr><tr><td>Leonardo Ferreira<\/td><td><a href=\"mailto:281289@dac.unicamp.br\" target=\"_blank\" rel=\"noreferrer noopener\">281289@dac.unicamp.br<\/a><\/td><\/tr><\/tbody><\/table><\/figure>\n\n\n\n<h2 class=\"wp-block-heading\"><\/h2>\n\n\n\n<p><\/p>\n","protected":false},"excerpt":{"rendered":"<p>Atendimentos: Hor\u00e1rios e Monitores Hor\u00e1rio Segunda-feira Ter\u00e7a-Feira Quarta-Feira Quinta-Feira Sexta-Feira 12:00 Gustavo &#8211; PED \/ Rafael &#8211; PED Sala CB08 Gabriel &#8211; PED CB03 Vinicius &#8211; PED CB01 \/ Diego &#8211; PAD 13:00 Gustavo &#8211; PED \/ Rafael &#8211; PED Sala CB08 Vinicius &#8211; PED CB01 \/ Leonardo &#8211; PAD Gabriel &#8211; PED CB03 14:00 [&hellip;]<\/p>\n","protected":false},"author":1,"featured_media":0,"parent":0,"menu_order":0,"comment_status":"closed","ping_status":"closed","template":"","meta":{"footnotes":""},"class_list":["post-14","page","type-page","status-publish","hentry"],"_links":{"self":[{"href":"https:\/\/disciplinas.ime.unicamp.br\/ms211\/wp-json\/wp\/v2\/pages\/14","targetHints":{"allow":["GET"]}}],"collection":[{"href":"https:\/\/disciplinas.ime.unicamp.br\/ms211\/wp-json\/wp\/v2\/pages"}],"about":[{"href":"https:\/\/disciplinas.ime.unicamp.br\/ms211\/wp-json\/wp\/v2\/types\/page"}],"author":[{"embeddable":true,"href":"https:\/\/disciplinas.ime.unicamp.br\/ms211\/wp-json\/wp\/v2\/users\/1"}],"replies":[{"embeddable":true,"href":"https:\/\/disciplinas.ime.unicamp.br\/ms211\/wp-json\/wp\/v2\/comments?post=14"}],"version-history":[{"count":67,"href":"https:\/\/disciplinas.ime.unicamp.br\/ms211\/wp-json\/wp\/v2\/pages\/14\/revisions"}],"predecessor-version":[{"id":345,"href":"https:\/\/disciplinas.ime.unicamp.br\/ms211\/wp-json\/wp\/v2\/pages\/14\/revisions\/345"}],"wp:attachment":[{"href":"https:\/\/disciplinas.ime.unicamp.br\/ms211\/wp-json\/wp\/v2\/media?parent=14"}],"curies":[{"name":"wp","href":"https:\/\/api.w.org\/{rel}","templated":true}]}}